 is the remainder when (-8)/(-10)*l/4 is divided by p(-5)?
2
Suppose 25 = 5*n, -282 - 10 = -4*s - 4*n. Calculate the remainder when s is divided by 9.
5
Suppose 2*i - 54 = -i. What is the remainder when (17/3)/((-1)/(-6)) is divided by i?
16
Let s(q) = 3*q. Let w(b) = -b - 12. Calculate the remainder when w(-28) is divided by s(2).
4
Let f(g) = 2*g**2 + 3*g + 2. Let v(u) = u + 7. Let w be v(7). What is the remainder when w/(2 - (2 + -2)) is divided by f(-2)?
3
Suppose 0 = o - f - 38, 4*o = -o + f + 198. Let x = o + -28. Calculate the remainder when (-15 + 8)*(-1 + -4) is divided by x.
11
Suppose -x + 44 = -2*k, -4*k + 186 = 4*x - 7*k. What is the remainder when x is divided by 17?
14
What is the remainder when (6/4)/(3/112) is divided by 19?
18
Let a(m) = 11*m - 5. Suppose -2*n + 14 = v - 4*n, 5*n = -v - 21. Suppose 12 = 4*u - v. What is the remainder when a(u) is divided by 10?
9
Let c = -79 + 99. Calculate the remainder when 35 is divided by c.
15
Let y = -9 - -18. Let a(l) = -l + 7. Let k be a(y). Let f = 6 + k. What is the remainder when 7 is divided by f?
3
Suppose 0*p = -3*p + 93. Calculate the remainder when p is divided by 11.
9
Suppose -v + 33 = -4*y, -24 = y + 4*v + v. Calculate the remainder when 90 is divided by (-209)/y + 6/(-27).
21
Suppose 2*r + 7 = 3*r - 3*m, 2*r = -5*m + 3. Suppose r*a - 7 = 3*n, -n + 3 - 7 = -3*a. Suppose -4*h = -61 + a. What is the remainder when 28 is divided by h?
13
Let t = -19 - -22. Suppose 5*z = t*z + 84. Suppose 0 = 3*c - m - 17 - 30, 4*m + 8 = 0. What is the remainder when z is divided by c?
12
Let i be ((-12)/15)/(-2)*5. Let w(y) = 2*y + 2 - 4 - 1 + 4*y**2 - 2*y**i. What is the remainder when w(-3) is divided by 5?
4
Let y(c) = -3*c + 6. What is the remainder when y(-11) is divided by 20?
19
Let q = -3 + -1. Calculate the remainder when q/14 - (-172)/14 is divided by 7.
5
Suppose 0 = -3*j - 3*i + 120, j + 5*i + 28 = 2*j. Suppose 4*k = -n + 4, 2*n - k + 3*k - j = 0. Calculate the remainder when 45 is divided by n.
21
Let m(l) = -l**2 - 9*l - 3. Calculate the remainder when (-6)/27 - (-1 - (-580)/(-18)) is divided by m(-4).
16
Suppose -4*o - 198 = -13*o. Calculate the remainder when o is divided by 9.
4
Let h be (-105)/(-2)*(-24)/(-9). Suppose h = a + 3*a. Suppose p = w - 7, 5*w - 2*p - a = -3*p. What is the remainder when w is divided by 4?
3
Suppose -8*q = -6*q - 102. Suppose 13 = 5*b - 4*b. Calculate the remainder when q is divided by b.
12
Suppose 5*b - 5*l + 1 = -14, l = -5*b - 21. Let m = 5 + 3. Let n = m + b. Calculate the remainder when n is divided by 3.
1
Let m(u) = 9*u**3 + 2*u**2 - 2*u + 1. Calculate the remainder when 19 is divided by m(1).
9
Let n(u) = 2*u**3 + 20*u**2 + 10*u - 10. Calculate the remainder when n(-9) is divided by 16.
14
Let b = -26 - -52. Suppose 3*p = -3*i + 45, p + 4*i + 0 - 18 = 0. Calculate the remainder when b is divided by p.
12
Suppose 4*v = 2*u + 42, -v - 2*u + 5*u + 13 = 0. Let d = 21 + v. Let q = d - 9. What is the remainder when q is divided by 8?
6
Let l(y) = 2*y - 9. Let k(o) = -o**3 + 10*o**2 + o - 4. Let u be k(10). Calculate the remainder when 3 is divided by l(u).
0
Suppose 0 = -j + 3*j + 4. Let a(i) = -i**3 - 2*i**2 - 3*i - 3. Let z be a(j). Suppose -z*q + 9 = -24. Calculate the remainder when q is divided by 6.
5
Let r be (-4)/18 + 4/18. Calculate the remainder when -1*1 + 9 + r is divided by 3.
2
Let l be 1*6*2/6. Let f(i) = i + 1. Let b be f(l). Let q(z) = 2*z**2 - z + 4. What is the remainder when q(b) is divided by 7?
5
Suppose 0 = -2*g + 23 + 79. Calculate the remainder when g is divided by 13.
12
Let t(h) = 2*h**2 + h - 2. Let p be t(-3). Suppose 3*g = 5*m - 105, 2*g = p - 3. Calculate the remainder when 45 is divided by m.
21
Let s = -28 - -43. Calculate the remainder when 29 is divided by s.
14
Let a = -44 + 71. Calculate the remainder when a is divided by 11.
5
Let t(u) be the third derivative of u**5/60 + u**4/4 + u**3/6 + u**2. Let k = 10 - 17. What is the remainder when t(k) is divided by 3?
2
Let f(n) = -n**3 + 6*n**2 + 16*n + 17. What is the remainder when 81 is divided by f(8)?
13
Let c(y) = 14*y**3 + y - 1. Suppose v - 1 = -5*h - 25, 0 = 4*v - 3*h - 19. What is the remainder when 40 is divided by c(v)?
12
What is the remainder when (2/(-6))/(-3*(-9)/(-1296)) is divided by 12?
4
Let d = -11 + 20. Let u = 68 + -42. What is the remainder when u is divided by d?
8
Let p = 17 - 10. Let b = p - 3. Suppose 47 = b*a - 89. What is the remainder when a is divided by 12?
10
Suppose v - 53 = -4*k, -3*k - 2*k = -4*v + 170. Suppose -v = -2*t + 1. Calculate the remainder when t is divided by 8.
7
Let w(d) = 6*d**2 - d. Let c be w(1). Suppose -2*u = -9 - c. Calculate the remainder when u is divided by 4.
3
Suppose 14*a - 13*a - 15 = 0. What is the remainder when a is divided by 6?
3
Suppose j = -4*j + 10. Suppose 2*w + 0*n - 68 = -4*n, -2*w - 3*n + 63 = 0. Calculate the remainder when w is divided by 13 - (-1)/j*0.
11
Suppose 0 = k - 1 - 1. What is the remainder when (57/9)/(k/6) is divided by 10?
9
Let m(c) = 23*c**2 - 3*c + 3. What is the remainder when m(-2) is divided by 52?
49
Suppose -2*h - 2*z = 350, -4*h + h = z + 523. Calculate the remainder when 2/(h/(-43) - 4) is divided by 15.
13
Let r(b) = -110*b - 3. Let p(d) = -37*d - 1. Let q(g) = 17*p(g) - 6*r(g). Let l be q(-2). Let s = 87 + l. What is the remainder when s is divided by 14?
12
Suppose a - 6*a = -30. Let g(t) be the second derivative of t**4/12 - t**3 + 2*t**2 - t. Calculate the remainder when a is divided by g(6).
2
Let i be ((-12)/3)/(-4) - 1. Calculate the remainder when (-3 - i/1)*-9 is divided by 15.
12
Let w(n) = 4*n + 1. Calculate the remainder when (-105)/(-8) - (-2)/(-16) is divided by w(1).
3
Let l(k) = k - 5. Let m be l(5). Let r(x) = 5 - 9*x + x**2 + 0 + m + 2. What is the remainder when r(9) is divided by 4?
3
Suppose 3*a - 392 = 484. Suppose -5*y + a = 102. Calculate the remainder when y is divided by (-1)/2*(-12 - 14).
12
Let m = 76 - 45. What is the remainder when m is divided by 8?
7
Let g = 17 - 14. Calculate the remainder when 12 is divided by g.
0
Suppose 21 - 9 = 4*m. Suppose 0 = 3*d + m*k - k - 62, -5*d + 3*k = -78. Let b = -55 - -124. Calculate the remainder when b is divided by d.
15
Let n(q) = q**2 + 4*q - 7. Calculate the remainder when n(-10) is divided by 14.
11
Suppose a + 3*a = 20. Suppose 8*i - 3*i - 4*b = 59, 4*i = a*b + 49. Suppose -8 = -3*w + w, -s = 2*w - 29. Calculate the remainder when s is divided by i.
10
Calculate the remainder when (-1)/(-6) - 178/(-12) is divided by 4.
3
Let r be (-3 + 3 + -1)*6. Let j be ((-9)/r + -2)*-8. Suppose -t + j*t - 9 = 0. What is the remainder when 7 is divided by t?
1
Let m(n) = -3*n - 3. Suppose 36 = 3*k - 3*t, 2*k + t - 6*t = 12. What is the remainder when k is divided by m(-3)?
4
Let h = 178 - 110. Suppose -4 = 2*v - 32. Calculate the remainder when h is divided by v.
12
Let z(a) = a**2 - 6*a. Let s be z(6). Suppose -x = y - 5*y - 28, s = x + y - 3. Calculate the remainder when 91/4 + 24/(-32) is divided by x.
6
Let t be 7/2 - (-2)/4. Suppose 3*i - 27 - 15 = 0. What is the remainder when (t/(-6))/((-1)/60) is divided by i?
12
Let k = -8 - -6. Let d(s) = -8*s**3 - s**2 + 2*s + 1. Let p be d(k). Let c = p + -17. Calculate the remainder when c is divided by 14.
12
Let c(t) = 3*t - 5. Let d be c(-7). Calculate the remainder when (-10 - 0)*15/(-6) is divided by -2*(d/4 - -2).
7
Suppose 3*b - 4*c = 18, -c + 2 = -1. Calculate the remainder when 17 is divided by b.
7
Suppose -6*f = -f + 60. Let k = -1 - f. Suppose -3*j + 5*p + 87 = 6, -4*p = -12. Calculate the remainder when j is divided by k.
10
What is the remainder when 44 is divided by 814/55 + 2/10?
14
Let f(h) = h**2 - 14*h + 6. Let b be f(6). Let q be ((-2)/3)/(4/b). What is the remainder when 14 is divided by 58/q - (-4)/(-14)?
6
Let q(k) = -5*k - 11. Calculate the remainder when 5 is divided by q(-3).
1
Let o(p) be the second derivative of -9/2*p**2 + p - 1/2*p**3 + 0. Calculate the remainder when o(-8) is divided by 8.
7
Suppose 5*x - 7*x + 110 = 0. What is the remainder when x is divided by 8?
7
Calculate the remainder when 1 + (4 - 93/(-1)) is divided by 11.
10
What is the remainder when 61 is divided by 120/(-12)*16/(-10)?
13
Let c = 6 + -18. Calculate t